 + 3*k. Let u be r(3). Suppose -y - u = -i*y. What are the prime factors of y?
2, 3
Suppose 0 = 2*c - 5*t - 75, -t - 2*t = 3*c - 123. List the prime factors of c.
2, 5
Let v(x) = x**2 - x + 1. Let l be v(3). Suppose g = l - 5. What are the prime factors of g?
2
What are the prime factors of (-57)/(-2) - 2/4?
2, 7
Let l = 1 + 3. Let g = l + -2. List the prime factors of g.
2
Let q = -4 - -82. List the prime factors of q.
2, 3, 13
What are the prime factors of 125 - (3 + -4 + 4)?
2, 61
Suppose 3 = 2*d + d. Let y(u) = 8*u - 3 + 2 + u. List the prime factors of y(d).
2
Let o be 2/(-7) - (-37)/7. Suppose -h + 29 = 2*k - 9, 5*k - 95 = -o*h. What are the prime factors of k?
19
Let t = -28 + 51. What are the prime factors of t?
23
Suppose 0 = 5*j - 2*j - 18. List the prime factors of 18/(j/(2 + 1)).
3
Let f = 112 + 185. List the prime factors of f.
3, 11
Let r(q) = 6 + 0*q + q + 0*q - 2. Let o be r(-8). List the prime factors of (18/15)/(o/(-30)).
3
Let s(g) = g + 6 - 5 + 0*g - g**2. Let v be s(0). Let f = v + 1. List the prime factors of f.
2
Let k = -20 + 31. What are the prime factors of k?
11
Let f(h) = h. Let k be f(5). Let j(u) = u**3 - 5*u**2 + 2. Let z be j(k). Suppose 0*y - 14 = -z*y. What are the prime factors of y?
7
Let x(y) = y**3 - 5*y**2 + 3*y - 3. Suppose 2*k + 0 - 4 = 0. Let v be x(k). What are the prime factors of (39/v)/(1/(-3))?
13
Let t(b) = b**2 - 5*b - 8. Let f be t(6). Let w(a) = -2*a**3 - 3*a**2 - 2*a - 3. Let r be w(f). What are the prime factors of ((-4)/r)/((-5)/75)?
2, 3
Suppose 2*i - 22 - 28 = 0. What are the prime factors of i?
5
Let w = 17 + -12. Let z(v) = 12*v + 5. Let d be z(w). Suppose -5*b = -5*u + d, 0*b = 4*u + 5*b - 25. What are the prime factors of u?
2, 5
Let k = -45 - -121. Suppose -g + 5*g - 4*q - k = 0, -5*g + 4*q = -95. What are the prime factors of g?
19
Suppose 0 = g - 1 - 2. What are the prime factors of (-1 - g)*95/(-20)?
19
Suppose 0*t = 5*t + 60. What are the prime factors of (-186)/t - 2/(-4)?
2
Suppose -3*j - 12 = 0, -r - 13 = -0*r + 4*j. Suppose x - 24 = -r*x. Suppose x*z - 3*z - 2*t = 11, -2*z = 3*t - 16. List the prime factors of z.
5
What are the prime factors of 5/(((-1)/40)/(3/(-6)))?
2, 5
Let n(x) = 7*x**2 + 13*x. Let c(w) = -3*w**2 - 6*w. Let g(q) = -5*c(q) - 2*n(q). List the prime factors of g(-6).
2, 3
List the prime factors of (11 + -4)*(-136)/(-28).
2, 17
Suppose 0 = -4*t + 173 + 7. Suppose 0*q + 2*w = q - 8, 5*w + t = 5*q. Let o = 17 - q. List the prime factors of o.
7
Suppose 3*t - 9 - 6 = 0. Let h be (-5 - 0)*(-14)/t. Suppose -2*o - 2 = -h. List the prime factors of o.
2, 3
What are the prime factors of 63/2 - 2/4?
31
Let m be 4*(3/(-6))/(-1). Suppose -5*w + 113 = m*n, 0*w - 5*n = 5*w - 125. Suppose 5*s - 5 = -5*v, 5*s + 2*v + 1 = w. What are the prime factors of s?
2, 3
List the prime factors of 483/6 - 18/(-12).
2, 41
Suppose -x - 2 = 0, 3*h + 5*x = -3 + 26. What are the prime factors of -3 - h/(22/(-60))?
3
Suppose -2*v + 17 + 47 = -2*p, -p + 3*v = 34. Let n = -18 - p. What are the prime factors of n?
13
Suppose 2*b = -5*p + 444, -2*p + 204 - 39 = 5*b. What are the prime factors of p?
2, 3, 5
Let l be -4 + 0 + 2 - -36. Suppose -3*d - l = -100. What are the prime factors of d?
2, 11
Let x = 18 + -6. Let r(a) = -a**2 + a + 2. Let h be r(2). Let s = x + h. List the prime factors of s.
2, 3
Suppose 3*g = 5*k - 4 + 2, 2*g + 2*k + 12 = 0. Let s(p) = p**3 + 4*p + 0*p**2 - 3 + 0*p**2 + 6*p**2. List the prime factors of s(g).
13
What are the prime factors of 18/8 + 12/(-48)?
2
Let h = -454 - -757. What are the prime factors of h?
3, 101
Let s(h) = -2*h - 5. Let p = 2 - -1. Suppose p*b + 24 = -3*v, -8 = -3*b - 4*v - 33. What are the prime factors of s(b)?
3
Suppose 7*v = 3*v + 264. List the prime factors of v.
2, 3, 11
What are the prime factors of 6/(-27)*-6*(66 - 0)?
2, 11
Suppose 40*i = 29*i + 1848. What are the prime factors of i?
2, 3, 7
Let y(h) be the first derivative of h**4/4 + h**3/3 - h**2/2 + 6*h + 3. What are the prime factors of y(0)?
2, 3
Let k(m) = m**2 + 2*m - 1. Let w be k(2). Let r = w - 10. What are the prime factors of 13/(-3)*9/r?
13
Suppose 0*z - 2*z - 18 = 0. Let a = 11 + z. What are the prime factors of a?
2
Suppose -w + 0 = -121. What are the prime factors of w?
11
Suppose 451 = 2*b + o, -3*o - 694 = -3*b - o. List the prime factors of b.
2, 3, 19
Suppose -4*r - y + 10 = -2*y, -10 = -2*r + 3*y. Suppose 3*l - 64 = r*x, -8*x + 7*x = 2*l - 31. What are the prime factors of l?
2, 3
Let d(i) = -31*i - 3. What are the prime factors of d(-1)?
2, 7
Suppose 2*b - 2 = -u - 5, 0 = 5*b + 2*u + 6. Suppose j + 5*o - 32 = 0, b*j + j + o = 20. What are the prime factors of j?
17
Suppose 4*g + 3*m + 0*m = -531, -g - 5*m = 154. List the prime factors of (17/(-51))/(1/g).
43
Suppose k - 8 = -4*r - 0, -2*k + 9 = r. List the prime factors of 9 - r - (4 - 5).
3
Suppose 186 = -2*j + 2*l, 2*j + 70 = 3*l - 111. What are the prime factors of (-1)/3 + j/(-6)?
2
Let y be 105/2*(-20)/15. Let a = 103 + y. List the prime factors of a.
3, 11
Let f(s) = -10*s**3 - 2*s**2 - s. What are the prime factors of f(-2)?
2, 37
Let p = 8 + 16. List the prime factors of p.
2, 3
Suppose -4*t - 2*c + 1406 = 0, -2*t + 5*t = 3*c + 1077. List the prime factors of t.
2, 3, 59
Let o(i) = 1. Let j(a) = 2*a - 6. Let n(c) = -j(c) - 5*o(c). Suppose 0*x - 5*q = -2*x - 16, -5*x - 17 = -q. What are the prime factors of n(x)?
7
Suppose 0 = j + 2*j + 75. Suppose 2*k - 48 = 4*o, -3*k + 16 = 3*o - 5*o. Let d = o - j. What are the prime factors of d?
11
Let f be (-2)/(-5) - (-58)/5. Suppose 0 = -3*c + f, 4*c - 4 = 5*z + 2. What are the prime factors of z?
2
Let g(j) = -28*j + 1. Let v = -2 - -1. Let o be g(v). Suppose 2*d - 2*f - o = -9, 3*d + 4*f - 16 = 0. What are the prime factors of d?
2
Let x(a) = -3*a - 2. Let d be x(2). Let n = 12 + d. What are the prime factors of n?
2
Suppose 2*j - 2*m - 109 = 95, 0 = 3*j + 3*m - 282. What are the prime factors of j?
2, 7
Suppose -6*l + 5 = 17. Suppose 5 = -2*h - 15. What are the prime factors of (84/h)/l*5?
3, 7
Let u be 21/18*-2*-3. Suppose -56 = -u*c + 3*c. What are the prime factors of c?
2, 7
Let p = 21 - -8. What are the prime factors of p?
29
Let u(j) = j**2 + j + 10. Let g be u(5). Let q = g + -28. List the prime factors of q.
2, 3
Suppose 3*n + 4*b - 139 = 0, -n - b + 50 - 5 = 0. List the prime factors of n.
41
Let a(r) = 5*r + 7. Let j(f) = 15*f + 20. Let k(s) = -17*a(s) + 6*j(s). Let z be k(-2). Let v = -3 - z. What are the prime factors of v?
2, 3
Suppose -u - 448 = -2*f - f, 0 = 2*f + 5*u - 276. List the prime factors of (-1)/4 - f/(-16).
3
Let t(s) = -s**2 + 18*s + 4. List the prime factors of t(17).
3, 7
Let i be ((-1)/2)/(5/(-20)). Suppose -v - 3*q = -13, i*v + 0*v + 4*q - 20 = 0. List the prime factors of v.
2
Let i(j) = -9*j + 20. What are the prime factors of i(-9)?
101
Suppose -131 - 45 = -2*h. What are the prime factors of h?
2, 11
Let f = 9 + -15. List the prime factors of (f/(-2) + -15)/(-1).
2, 3
Let b be (168/(-10))/(6/20). Let c = 78 + b. Let r = c + -13. List the prime factors of r.
3
What are the prime factors of (-14090)/(-55) + 1 + (-4)/22?
257
Let g be ((-1)/5)/(1/(-10)). Suppose g*u - n + 0 - 7 = 0, -5*u = 4*n - 11. What are the prime factors of u?
3
Suppose 0*g - 2*g + 4*k = -210, g + 5*k = 84. List the prime factors of g.
3, 11
Let q(r) = r + 2. Let m be q(3). Suppose 2*k - m = -3*k. List the prime factors of 4/(3/6*k).
2
Let w = -139 + 295. List the prime factors of w.
2, 3, 13
Suppose 0 = 4*g - 136 - 48. Suppose 10 = 3*z + g. What are the prime factors of 3/z*-17*4?
17
Let w = -5 - -9. Suppose -i - b + 1 = -6, 0 = w*i + 2*b - 24. Suppose 34 + 51 = i*a. What are the prime factors of a?
17
Let j(m) = -9*m - 2. Let c be j(4). Let v = -22 - c. Let k = v + -11. List the prime factors of k.
5
Suppose -577 = w - 4*w + 5*m, w = -5*m + 179. List the prime factors of w.
3, 7
Let q(y) = y**3 + 7*y**2 - 3*y + 8. What are the prime factors of q(-7)?
29
Let l(f) = f**2 + 3*f + 5. Let b be ((-10)/8)/(4/(-16)). Suppose 24 = -b*k - 1. What are the prime factors of l(k)?
3, 5
Let s(t) = 2*t + 7. Let k be s(-7). Let u be 1/(46/22 + -2). Let d = u + k. What are the prime factors of d?
2
Let w = -5 - -8. Let n = 23 + -9. Suppose -4*v = j - 4, 4*v + n = w*j - 14. Li